[INFO] fetching crate badge-maker 0.1.2...
[INFO] building badge-maker-0.1.2 against master#ff34b919075f35a1787659e9c448a34b06bab8de for issue-85264
[INFO] extracting crate badge-maker 0.1.2 into /workspace/builds/worker-5/source
[INFO] validating manifest of crates.io crate badge-maker 0.1.2 on toolchain ff34b919075f35a1787659e9c448a34b06bab8de
[INFO] running `Command { std: "/workspace/cargo-home/bin/cargo" "+ff34b919075f35a1787659e9c448a34b06bab8de" "metadata" "--manifest-path" "Cargo.toml" "--no-deps", kill_on_drop: false }`
[INFO] started tweaking crates.io crate badge-maker 0.1.2
[INFO] finished tweaking crates.io crate badge-maker 0.1.2
[INFO] tweaked toml for crates.io crate badge-maker 0.1.2 written to /workspace/builds/worker-5/source/Cargo.toml
[INFO] crate crates.io crate badge-maker 0.1.2 already has a lockfile, it will not be regenerated
[INFO] running `Command { std: "/workspace/cargo-home/bin/cargo" "+ff34b919075f35a1787659e9c448a34b06bab8de" "fetch" "--manifest-path" "Cargo.toml", kill_on_drop: false }`
[INFO] [stderr]     Blocking waiting for file lock on package cache
[INFO] running `Command { std: "docker" "create" "-v" "/var/lib/crater-agent-workspace/builds/worker-5/target:/opt/rustwide/target:rw,Z" "-v" "/var/lib/crater-agent-workspace/builds/worker-5/source:/opt/rustwide/workdir:ro,Z" "-v" "/var/lib/crater-agent-workspace/cargo-home:/opt/rustwide/cargo-home:ro,Z" "-v" "/var/lib/crater-agent-workspace/rustup-home:/opt/rustwide/rustup-home:ro,Z" "-e" "SOURCE_DIR=/opt/rustwide/workdir" "-e" "CARGO_TARGET_DIR=/opt/rustwide/target" "-e" "CARGO_HOME=/opt/rustwide/cargo-home" "-e" "RUSTUP_HOME=/opt/rustwide/rustup-home" "-w" "/opt/rustwide/workdir" "-m" "1610612736" "--user" "0:0" "--network" "none" "ghcr.io/rust-lang/crates-build-env/linux@sha256:20528e8c29e4536546f0102ce88568b16ea7538393a33fcca951030f7af10457" "/opt/rustwide/cargo-home/bin/cargo" "+ff34b919075f35a1787659e9c448a34b06bab8de" "metadata" "--no-deps" "--format-version=1", kill_on_drop: false }`
[INFO] [stdout] bc9e29c52bd519ac8eeae78241820e0c2e02347d3e876ed7860ca9e5b6c59693
[INFO] [stderr] WARNING: Your kernel does not support swap limit capabilities or the cgroup is not mounted. Memory limited without swap.
[INFO] running `Command { std: "docker" "start" "-a" "bc9e29c52bd519ac8eeae78241820e0c2e02347d3e876ed7860ca9e5b6c59693", kill_on_drop: false }`
[INFO] running `Command { std: "docker" "inspect" "bc9e29c52bd519ac8eeae78241820e0c2e02347d3e876ed7860ca9e5b6c59693", kill_on_drop: false }`
[INFO] running `Command { std: "docker" "rm" "-f" "bc9e29c52bd519ac8eeae78241820e0c2e02347d3e876ed7860ca9e5b6c59693", kill_on_drop: false }`
[INFO] [stdout] bc9e29c52bd519ac8eeae78241820e0c2e02347d3e876ed7860ca9e5b6c59693
[INFO] running `Command { std: "docker" "create" "-v" "/var/lib/crater-agent-workspace/builds/worker-5/target:/opt/rustwide/target:rw,Z" "-v" "/var/lib/crater-agent-workspace/builds/worker-5/source:/opt/rustwide/workdir:ro,Z" "-v" "/var/lib/crater-agent-workspace/cargo-home:/opt/rustwide/cargo-home:ro,Z" "-v" "/var/lib/crater-agent-workspace/rustup-home:/opt/rustwide/rustup-home:ro,Z" "-e" "SOURCE_DIR=/opt/rustwide/workdir" "-e" "CARGO_TARGET_DIR=/opt/rustwide/target" "-e" "CARGO_INCREMENTAL=0" "-e" "RUST_BACKTRACE=full" "-e" "RUSTFLAGS=--cap-lints=forbid" "-e" "CARGO_HOME=/opt/rustwide/cargo-home" "-e" "RUSTUP_HOME=/opt/rustwide/rustup-home" "-w" "/opt/rustwide/workdir" "-m" "1610612736" "--user" "0:0" "--network" "none" "ghcr.io/rust-lang/crates-build-env/linux@sha256:20528e8c29e4536546f0102ce88568b16ea7538393a33fcca951030f7af10457" "/opt/rustwide/cargo-home/bin/cargo" "+ff34b919075f35a1787659e9c448a34b06bab8de" "build" "--frozen" "--message-format=json", kill_on_drop: false }`
[INFO] [stdout] 6a155e24777d2132467aaffec114f51cfaecf1c04ee7bb0eb3d33f4c170ca6ae
[INFO] [stderr] WARNING: Your kernel does not support swap limit capabilities or the cgroup is not mounted. Memory limited without swap.
[INFO] running `Command { std: "docker" "start" "-a" "6a155e24777d2132467aaffec114f51cfaecf1c04ee7bb0eb3d33f4c170ca6ae", kill_on_drop: false }`
[INFO] [stderr]    Compiling proc-macro2 v1.0.24
[INFO] [stderr]    Compiling unicode-xid v0.2.1
[INFO] [stderr]    Compiling syn v1.0.58
[INFO] [stderr]    Compiling memchr v2.3.4
[INFO] [stderr]    Compiling serde_derive v1.0.118
[INFO] [stderr]    Compiling serde v1.0.118
[INFO] [stderr]    Compiling lazy_static v1.4.0
[INFO] [stderr]    Compiling regex-syntax v0.6.22
[INFO] [stderr]    Compiling seahash v4.0.1
[INFO] [stderr]    Compiling thread_local v1.1.0
[INFO] [stderr]    Compiling aho-corasick v0.7.15
[INFO] [stderr]    Compiling quote v1.0.8
[INFO] [stderr]    Compiling regex v1.4.3
[INFO] [stderr]    Compiling thiserror-impl v1.0.23
[INFO] [stderr]    Compiling thiserror v1.0.23
[INFO] [stderr]    Compiling bincode v1.3.1
[INFO] [stderr]    Compiling badge-maker v0.1.2 (/opt/rustwide/workdir)
[INFO] [stdout] error[E0432]: unresolved import `clap`
[INFO] [stdout]  --> src/main.rs:2:5
[INFO] [stdout]   |
[INFO] [stdout] 2 | use clap::{Clap, ErrorKind};
[INFO] [stdout]   |     ^^^^ use of undeclared crate or module `clap`
[INFO] [stdout] 
[INFO] [stdout] 
[INFO] [stdout] error: cannot determine resolution for the derive macro `Clap`
[INFO] [stdout]  --> src/main.rs:4:10
[INFO] [stdout]   |
[INFO] [stdout] 4 | #[derive(Clap, Debug)]
[INFO] [stdout]   |          ^^^^
[INFO] [stdout]   |
[INFO] [stdout]   = note: import resolution is stuck, try simplifying macro imports
[INFO] [stdout] 
[INFO] [stdout] 
[INFO] [stdout] error: cannot find attribute `clap` in this scope
[INFO] [stdout]  --> src/main.rs:5:3
[INFO] [stdout]   |
[INFO] [stdout] 5 | #[clap(name = "badge-maker", version = "0.1")]
[INFO] [stdout]   |   ^^^^
[INFO] [stdout] 
[INFO] [stdout] 
[INFO] [stdout] error: cannot find attribute `clap` in this scope
[INFO] [stdout]  --> src/main.rs:9:5
[INFO] [stdout]   |
[INFO] [stdout] 9 |   #[clap(short, long, default_value("lightgrey"))]
[INFO] [stdout]   |     ^^^^
[INFO] [stdout] 
[INFO] [stdout] 
[INFO] [stdout] error: cannot find attribute `clap` in this scope
[INFO] [stdout]   --> src/main.rs:11:5
[INFO] [stdout]    |
[INFO] [stdout] 11 |   #[clap(short, long, default_value("grey"))]
[INFO] [stdout]    |     ^^^^
[INFO] [stdout] 
[INFO] [stdout] 
[INFO] [stdout] error: cannot find attribute `clap` in this scope
[INFO] [stdout]   --> src/main.rs:13:5
[INFO] [stdout]    |
[INFO] [stdout] 13 |   #[clap(
[INFO] [stdout]    |     ^^^^
[INFO] [stdout] 
[INFO] [stdout] 
[INFO] [stdout] error[E0433]: failed to resolve: use of undeclared crate or module `clap`
[INFO] [stdout]   --> src/main.rs:33:21
[INFO] [stdout]    |
[INFO] [stdout] 33 |     Err(e) => clap::Error::with_description(
[INFO] [stdout]    |                     ^^^^^ not found in `clap`
[INFO] [stdout]    |
[INFO] [stdout] help: consider importing one of these items
[INFO] [stdout]    |
[INFO] [stdout] 1  | use aho_corasick::Error;
[INFO] [stdout]    |
[INFO] [stdout] 1  | use badge_maker::error::Error;
[INFO] [stdout]    |
[INFO] [stdout] 1  | use bincode::Error;
[INFO] [stdout]    |
[INFO] [stdout] 1  | use core::fmt::Error;
[INFO] [stdout]    |
[INFO] [stdout]      and 9 other candidates
[INFO] [stdout] 
[INFO] [stdout] 
[INFO] [stdout] error[E0599]: no function or associated item named `parse` found for struct `Opts` in the current scope
[INFO] [stdout]   --> src/main.rs:23:26
[INFO] [stdout]    |
[INFO] [stdout] 6  | struct Opts {
[INFO] [stdout]    | ----------- function or associated item `parse` not found for this
[INFO] [stdout] ...
[INFO] [stdout] 23 |   let opts: Opts = Opts::parse();
[INFO] [stdout]    |                          ^^^^^ function or associated item not found in `Opts`
[INFO] [stdout] 
[INFO] [stdout] 
[INFO] [stdout] error: aborting due to 8 previous errors
[INFO] [stdout] 
[INFO] [stdout] 
[INFO] [stdout] Some errors have detailed explanations: E0432, E0433, E0599.
[INFO] [stdout] 
[INFO] [stdout] For more information about an error, try `rustc --explain E0432`.
[INFO] [stdout] 
[INFO] [stderr] error: could not compile `badge-maker`
[INFO] [stderr] 
[INFO] [stderr] To learn more, run the command again with --verbose.
[INFO] running `Command { std: "docker" "inspect" "6a155e24777d2132467aaffec114f51cfaecf1c04ee7bb0eb3d33f4c170ca6ae", kill_on_drop: false }`
[INFO] running `Command { std: "docker" "rm" "-f" "6a155e24777d2132467aaffec114f51cfaecf1c04ee7bb0eb3d33f4c170ca6ae", kill_on_drop: false }`
[INFO] [stdout] 6a155e24777d2132467aaffec114f51cfaecf1c04ee7bb0eb3d33f4c170ca6ae
